10 + 1000101?
10000011
In base 6, what is -5424 - -3?
-5421
In base 6, what is -1 - -22?
21
In base 8, what is -4 - 3733?
-3737
In base 4, what is 11 + -221?
-210
In base 12, what is 4 + 35?
39
In base 2, what is 1101010101 + 101?
1101011010
In base 2, what is 100 + -11101100111?
-11101100011
In base 15, what is -8 + 906?
8ed
In base 14, what is 5 + 509?
510
In base 3, what is 100121 + -201?
22220
In base 15, what is 7 + b?
13
In base 10, what is -130 - 16?
-146
In base 11, what is -1 + -34?
-35
In base 8, what is 0 - 275?
-275
In base 6, what is -2 - -350?
344
In base 13, what is 4b + 32?
80
In base 5, what is 3 - 23414?
-23411
In base 11, what is -12 + -4?
-16
In base 2, what is 10001 + 11?
10100
In base 15, what is 6 + -3e2?
-3db
In base 14, what is -5 + -217?
-21c
In base 6, what is -31 + 122?
51
In base 3, what is -220 - 212022?
-220012
In base 12, what is -218 + -27?
-243
In base 7, what is 23 - -202?
225
In base 3, what is -20102 + 1001?
-12101
In base 8, what is 4 - -7300?
7304
In base 8, what is 151 - -2?
153
In base 13, what is 10 + -16?
-6
In base 6, what is -532 + 10?
-522
In base 4, what is -11 - -20?
3
In base 13, what is 405 + -26?
3ac
In base 4, what is -1011 - 1?
-1012
In base 16, what is 5 - -530?
535
In base 11, what is 13 - 134a?
-1337
In base 6, what is -3 + -14054?
-14101
In base 7, what is -112 + -60?
-202
In base 10, what is -64 + 50?
-14
In base 13, what is -29b - -9?
-292
In base 10, what is 1143 + 5?
1148
In base 15, what is 11 + 45?
56
In base 11, what is -5 + 96?
91
In base 2, what is -1000 - -11111?
10111
In base 13, what is -19 + 4?
-15
In base 10, what is -164 + -68?
-232
In base 7, what is -2 - 51?
-53
In base 2, what is 111010 + -101001?
10001
In base 6, what is -20 + -21?
-41
In base 10, what is -14 - 3?
-17
In base 15, what is 4 + -165b?
-1657
In base 10, what is -2 + 28?
26
In base 4, what is 13 + 21003?
21022
In base 8, what is -4 - -3025?
3021
In base 13, what is -81 + 22?
-5c
In base 4, what is 1 + -22021?
-22020
In base 2, what is 110 + -11001110?
-11001000
In base 14, what is 3062 - 3?
305d
In base 6, what is 4 - -53?
101
In base 9, what is 26 + -54?
-27
In base 14, what is 44 - 22?
22
In base 14, what is 7 - -12?
19
In base 12, what is 2 - -25?
27
In base 16, what is 5d + -3a?
23
In base 13, what is -452 - -1?
-451
In base 6, what is -1010 - -12?
-554
In base 5, what is -10 + 23303?
23243
In base 12, what is -46b + -4?
-473
In base 8, what is 3 + 65?
70
In base 2, what is 1011010111 - -10?
1011011001
In base 13, what is 74 + 1?
75
In base 7, what is 0 + -32?
-32
In base 11, what is 2052 + 3?
2055
In base 8, what is -415 + -1?
-416
In base 13, what is 6188 + -3?
6185
In base 14, what is -59 - d?
-68
In base 5, what is 1 + 1120?
1121
In base 3, what is 200102 - 2?
200100
In base 15, what is ba - 2?
b8
In base 4, what is 100 - -1010?
1110
In base 11, what is -3 - -31?
29
In base 8, what is 77 - 225?
-126
In base 6, what is 33 + -1002?
-525
In base 15, what is 5a + -2?
58
In base 2, what is -10 - -1001000?
1000110
In base 10, what is -31 - 30?
-61
In base 7, what is 10 + 354?
364
In base 13, what is -1a - -12?
-8
In base 10, what is 2 - 688?
-686
In base 2, what is -1 + -101110?
-101111
In base 5, what is 10 - 401?
-341
In base 4, what is 2 - 1010?
-1002
In base 8, what is -1151 + -5?
-1156
In base 3, what is 20100 + -12?
20011
In base 4, what is -1322232 + 0?
-1322232
In base 7, what is 146 - -135?
314
In base 7, what is -122 + 1?
-121
In base 5, what is -2 + -331?
-333
In base 13, what is 12 + 0?
12
In base 14, what is 9 - 63?
-58
In base 6, what is -3101 - -3?
-3054
In base 10, what is 1 + -2085?
-2084
In base 2, what is -1 - -101100?
101011
In base 8, what is -1717 - -11?
-1706
In base 10, what is -53 + 10?
-43
In base 8, what is 3 - 73?
-70
In base 8, what is -4 + -2?
-6
In base 13, what is 21 + -84?
-63
In base 7, what is 11431 - -4?
11435
In base 2, what is 11010010001 + 1?
11010010010
In base 10, what is -30 - 6?
-36
In base 14, what is 1b + 44?
61
In base 10, what is -21 + -30?
-51
In base 10, what is -32 - 12?
-44
In base 4, what is 1102 + 11?
1113
In base 9, what is 1 + 23?
24
In base 13, what is -6 - -175?
16c
In base 2, what is 100001101001 - 1?
100001101000
In base 16, what is -1 + 679?
678
In base 12, what is -7 + 5?
-2
In base 14, what is -1138 - b?
-1145
In base 15, what is 5 - -84?
89
In base 2, what is 1111101 - 10111?
1100110
In base 13, what is -2 - b40?
-b42
In base 13, what is -1 + 40?
3c
In base 13, what is -85 - 0?
-85
In base 14, what is -749 - 2?
-74b
In base 16, what is 5 + 2?
7
In base 9, what is -2 - 150?
-152
In base 9, what is -4180 + -4?
-4184
In base 5, what is 130 - -3?
133
In base 5, what is 3320 - -10?
3330
In base 2, what is -100010 - -110?
-11100
In base 9, what is -15 + -150?
-165
In base 10, what is -1 - -44?
43
In base 15, what is -2 + a?
8
In base 13, what is -19cc + 0?
-19cc
In base 12, what is 66 - -11?
77
In base 16, what is 2 - 3?
-1
In base 2, what is 101 + -100000?
-11011
In base 16, what is -b + 1?
-a
In base 4, what is -122 - -11?
-111
In base 10, what is 7 - 41?
-34
In base 13, what is 3b1 - 6?
3a8
In base 3, what is 1222122 - -1?
1222200
In base 13, what is 3 - -37?
3a
In base 7, what is -3 + 536?
533
In base 5, what is 32 - -14?
101
In base 3, what is -11 + -2110010?
-2110021
In base 7, what is -3 - 54?
-60
In base 2, what is -1011110 - 11111?
-1111101
In base 11, what is 217 + 4?
220
In base 10, what is 16 - 134?
-118
In base 14, what is 5 - 12?
-b
In base 12, what is -b2 + -3?
-b5
In base 8, what is 40 + -37?
1
In base 14, what is 14 + -6?
c
In base 5, what is 0 + -10303?
-10303
In base 15, what is 121 - 4?
11c
In base 2, what is -100 - -11001100?
11001000
In base 4, what is -221113 + -11?
-221130
In base 9, what is 4 + 541?
545
In base 16, what is 37 - -2?
39
In base 15, what is 191 - 1?
190
In base 5, what is 2004 + -3?
2001
In base 13, what is -42 + 17?
-28
In base 3, what is 1110 - 2?
1101
In base 5, what is 0 + -201021?
-201021
In base 10, what is 775 - 5?
770
In base 2, what is -1110011001 - -101?
-1110010100
In base 4, what is -1332 - 3?
-2001
In base 12, what is 39 + 4?
41
In base 11, what is -755 - 18?
-772
In base 15, what is 5 - -3e0?
3e5
In base 3, what is 211020200 + -2?
211020121
In base 13, what is 0 + c5?
c5
In base 14, what is -2b - 47?
-74
In base 16, what is -63 + 11?
-52
In base 2, what is 10 + -1001010?
-1001000
In base 15, what is 7 + 4a?
52
In base 16, what is 1 - -156?
157
In base 12, what is 107 + -1?
106
In base 8, what is 1 + 104?
105
In base 6, what is -42 + -1?
-43
In base 13, what is -433 + 4?
-42c
In base 13, what is 5 - -2482?
2487
In base 12, what is -2 - 110?
-112
In base 8, what is 567 + -33?
534
In base 4, what is -110123 + -22?
-110211
In base 10, what is -1 + 128?
127
In base 3, what is 11111 - -111?
11222
In base 7, what is 664 - -1?
665
In base 5, what is 1 - -10?
11
In base 14, what is 1 - 451?
-450
In base 6, what is -120221 - 4?
-120225
In base 9, what is -14 - 478?
-503
In base 3, what is 2110020 - 12?
2110001
In base 9, what is 2 - -1176?
1178
In base 3, what is 100002 - -1?
100010
In base 9, what is 15461 - -2?
15463
In base 4, what is -101 + -13?
-120
In base 16, what is -294 + -a?
-29e
In base 11, what is -3 + 74?
71
In base 5, what is -1 - -21331?
21330
In base 2, what is -11111101 + 101?
-11111000
In base 15, what is -13 + 12?
-1
In base 2, what is -101 + -1100111111001?
-1100111111110
In base 12, what is 8 + -b1?
-a5
In base 4, what is 22 - 212?
-130
In base 4, what is -10 - 1203?
-1213
In base 4, what is 1230 - 2?
1222
In base 7, what is -2 + -5214?
-5216
In base 4, what is 3 - -2123?
2132
In base 6, what is 2 - -133?
135
In base 7, what is -5 - -20?
12
In base 4, what is 10 - -133?
203
In base 8, what is -4 - -602?
576
In base 2, what is -101 + 100111?
100010
In base 4, what is 22 + -1001?
-313
In base 16, what is 341 - 0?
341
In base 6, what is -1035 - -5?
-1030
In base 11, what is -95 + -a?
-a4
In base 5, what is -1042 + -102?
-1144
In base 2, what is -1 - 100110100?
-100110101
In base 13, what is b - 407?
-3c9
In base 7, what is -3 + 205?
202
In base 4, what is -12 - -32210?
32132
In base 4, what is -11 - -1202?
1131
In base 4, what is 3 - -113?
122
In base 12, what is -28 - -1?
-27
In base